**3 + 17*o**2 + 15*o - 11. Let b be 4/(-3)*(-3 + 4 + 11). Calculate the remainder when v(b) is divided by 3.
2
Suppose 116*c - 100*c = 320. Suppose -b = -3*b + 6. Suppose p + 22 = b*p. Calculate the remainder when c is divided by p.
9
Suppose 5*f + 17 = 57. Suppose -3*k - 3*i + 8 = k, i - f = 4*k. What is the remainder when 37 is divided by (0 - -22) + 3/k?
18
Suppose 2*x = 2*j - 38, -2*j = -0*j + 2*x - 42. Suppose -3*h + 4*z = -j, 0 = -5*h - z + 2 + 16. What is the remainder when 97/h - (-15)/20 is divided by 9?
7
Suppose 0*v - 3*v - 5*s = -41, 4*v - 4*s - 108 = 0. Suppose -g + 32 = -32. What is the remainder when g is divided by v?
20
Suppose -16*q = -5*w - 12*q + 174, -4*q = -3*w + 98. Calculate the remainder when 91 is divided by w.
15
Let k(i) = i + 8. Let g(l) = l + 12. Let v be g(-10). Suppose -5*j - 2*d = -4*d - 201, d = v*j - 81. What is the remainder when j is divided by k(6)?
11
Let f = 245 - 12. What is the remainder when f is divided by 14?
9
Let r(b) = -27*b - 12. Calculate the remainder when r(-3) is divided by 9.
6
Let x = 2 - 3. Let h be x + (3 - (-21 + -1)). Suppose -h = -3*f - 3*g, -2 = f + g - 2*g. Calculate the remainder when f is divided by 1.
0
Let l(u) = -3*u. Let x be l(0). Suppose -k + 16 = -j - 27, 4*k + 4*j - 164 = x. Calculate the remainder when k is divided by 11.
9
What is the remainder when (80/50)/((-345)/350 - -1) is divided by 29?
25
Suppose -2*q + 10*q - 64 = 0. Let c = 14 - 20. Calculate the remainder when q is divided by 0 + c/(-3) - -1.
2
Let y(d) = -d**3 + d - 1. Let o be y(0). What is the remainder when (12/20 + o)*(-95)/1 is divided by 8?
6
Let t be (-5)/2*((-63)/(-15) + -7). Let h = t - -3. Calculate the remainder when h is divided by 3.
1
Suppose -p - 4*p - 25 = 0. Let r(h) = -2*h - 6. Calculate the remainder when 18 is divided by r(p).
2
Calculate the remainder when 53 is divided by (-1365)/130*(-6)/7.
8
Suppose 0 = 4*m - 3*m + 7. Let b = -5 - m. Suppose 5*a - 113 = -3*r, b*a - 4*a - 2*r = -46. Calculate the remainder when a is divided by 12.
10
Let m = 41 + -23. Suppose -u = d - m, 0 = 4*d - u - 3*u - 32. Calculate the remainder when 49 is divided by d.
10
Let a(b) = 23*b**2 + b + 1. Let h be a(1). Suppose 3*u = 4*v - 124, v - 5*u - h = 23. What is the remainder when v is divided by 15?
13
Calculate the remainder when 104 is divided by 3/4 - ((-8316)/16)/27.
4
Suppose 0 = -3*g - 3*x + 7 + 14, -4*g = x - 22. Suppose g*p - 4*b - 59 = 0, -3*p + 3*b + 8 = -28. What is the remainder when 41 is divided by p?
8
Let b = 11 + 2. Let z be (-16)/12 - 64/6. What is the remainder when b is divided by 8 - 0 - z/(-4)?
3
Let w be (0 + -5 + -23)/2. Let r = w + 18. What is the remainder when 16 is divided by r?
0
Calculate the remainder when 58 is divided by 32 - (-4 - 0) - (-12 + 18).
28
Suppose 5*x - 8*x + 32 = -b, 5*b + 10 = 0. Let o(u) = 7*u**2 + 2*u - 1. What is the remainder when x is divided by o(1)?
2
Suppose k + 5*i - 16 = 0, 0 = -5*k + 2*k + 3*i + 12. Suppose -k*v + 5*v = -15. Calculate the remainder when 73 is divided by v.
13
Let z(b) = b**2 - 5*b + 6. Let w be z(4). Let i(u) = u + 0*u - u**3 + 8*u**w + u + u - 6. Calculate the remainder when 70 is divided by i(8).
16
Let p be -8*((-36)/8)/9. Suppose -13*b + p = -12*b. Calculate the remainder when 21 is divided by b.
1
Suppose 148*u - 153*u = -10, 4*f = 3*u + 1066. Calculate the remainder when f is divided by 128.
12
Suppose -4*p - 1 = -9. Suppose -2*v - p*u + 17 = -3, 3*v + 4*u = 35. Suppose 1610 = -47*n + 117*n. Calculate the remainder when n is divided by v.
3
Suppose -2*t = -93 - 73. Suppose 0*w + 218 = 2*w. Suppose -i = -5*q + w, i = -3*q + 2*i + 67. Calculate the remainder when t is divided by q.
20
Let o be 2 - -109 - (-1 - -2). Suppose -2*m + 4*z = 3*z - 55, 3*m + 4*z = o. Calculate the remainder when 86 is divided by m.
26
Let u(v) = v. Let o be u(-5). What is the remainder when 29 is divided by 0 + 5/(o/(-16))?
13
Suppose 48*z = 46*z + 24. What is the remainder when 51 is divided by (2 - (-6)/(-2)) + z?
7
Let h = 305 + -297. Calculate the remainder when 23 is divided by h.
7
Let c be (6/(-14) - 1720/70)*-1. Suppose y + 10 = 6*y - 2*a, -a = 5*y - c. Calculate the remainder when 11 is divided by y.
3
Suppose -17*d = -9*d - 32. Suppose -3*k + 4*v = -83, -4*v - 2 = d*k - 66. What is the remainder when 103 is divided by k?
19
Let w(y) = -y**2 + 13*y - 19. What is the remainder when 24/(-36)*(-366)/4 is divided by w(8)?
19
Suppose -m - 1583 = -5*v, 0 = 4*v - 2*m - m - 1262. Calculate the remainder when v is divided by 29.
27
Let d(o) = 6*o - 7. Let j be d(6). Suppose 6*i - 95 + j = 0. Calculate the remainder when 20 is divided by i.
9
Let q = 48 - -3. Calculate the remainder when q is divided by 15.
6
Let x(h) = h**3 - 4*h**2 - 5*h + 14. Let c be x(4). Let s(g) = -g**2 - 9*g - 7. Calculate the remainder when s(c) is divided by 7.
4
Suppose -2*f - f = -4*r + 70, 18 = r - f. Suppose 136 = 3*j - 2*z, 2*j - 25*z = -26*z + 93. What is the remainder when j is divided by r?
14
Suppose -d = -3*c - 14, -3*d + 2*d + 5*c = -14. What is the remainder when 6 - -4 - (-1 + -154) is divided by d?
11
Let t be ((-4)/6)/((-8)/(-156)). Let h = t - -20. What is the remainder when 19 is divided by h?
5
Let z(d) = -d**3 - 2*d**2 + 9*d - 1. Let r be z(-4). Calculate the remainder when (93 - (-25)/r) + -2 is divided by 29.
28
Let n = 705 - 647. What is the remainder when n is divided by 39?
19
Let n(u) = 0*u + 7 - 2*u + 2*u + 2*u. Let z(l) = 6*l + 21. Let x(b) = -8*n(b) + 3*z(b). What is the remainder when 84 is divided by x(5)?
16
Suppose 10*t - 7*t - 28 = -2*l, -t - 5*l = 8. What is the remainder when 80 is divided by t?
8
Let n(u) = -u**2 + 4*u + 32. What is the remainder when 61 is divided by n(0)?
29
Let i(c) = -14*c - 111. Calculate the remainder when i(-11) is divided by 22.
21
Let u(k) = 11*k + 73. Calculate the remainder when u(20) is divided by 42.
41
Suppose 0 = -0*a - 0*a - 5*a. Calculate the remainder when 103 is divided by 1/(5/135) - a.
22
Let g(k) = k**3 + 15*k**2 + 14*k - 6. Let h be g(-14). Calculate the remainder when 57 is divided by 340/30 + (-4)/h.
9
What is the remainder when 1*(-2)/(-1 - 243/(-249)) is divided by 17?
15
Let r(a) = -a**3 + 3*a**2 + 2*a + 14. What is the remainder when r(-3) is divided by 24?
14
Suppose 0 = -3*s + r + 20, 3*s - 45 = -s + 5*r. Suppose -2*f - s*x + 16 = -0*f, -f + 11 = x. What is the remainder when (10 - -15)*(-1 - -2) is divided by f?
12
Suppose 2*g + 72 = -2*g. Let p = g + 38. What is the remainder when 37 is divided by p?
17
Let z = 23 + -9. Suppose 46 = 4*x - z. What is the remainder when x is divided by 9?
6
Let b(k) = -k**3 + 5*k**2 - 5*k + 9. Let c(g) be the first derivative of -g**3/3 - 9*g**2/2 - 3*g - 1. What is the remainder when c(-5) is divided by b(4)?
2
Let a = -139 + 143. Suppose -m + 7 = 2*u, 0 = m + 5*u + a + 1. Calculate the remainder when 164 is divided by m.
14
Let v = 13 + -2. Let c be -5*3/(60/176). Let d = c - -63. Calculate the remainder when d is divided by v.
8
Let w be 194/22 - 20/(-110). Let u = -5 + w. What is the remainder when u is divided by 3?
1
Let y(i) = i**3 - 7*i**2 - 5*i - 4. What is the remainder when y(8) is divided by (-594)/(-55) - (-1)/5?
9
Suppose -c + 82 - 24 = 0. Let j = 239 - c. What is the remainder when j is divided by 23?
20
Suppose -37*l + 34*l + 9 = 0. Suppose l*h - s = 25, -h + s + 6 + 5 = 0. Calculate the remainder when 11 is divided by h.
4
Suppose v - 3*v = -64. Suppose -l = l - v. What is the remainder when l is divided by (-4)/(-70) + (-26100)/(-2625)?
6
Let g = 117 - 18. What is the remainder when 395 is divided by g?
98
Let x = 1406 + -661. Calculate the remainder when x is divided by 50.
45
Let x(n) = 2*n + 28. Let p be x(-16). What is the remainder when 11 is divided by (2 - 0) + 8 + p + 0?
5
Suppose -300*t + 189 = -297*t. What is the remainder when 219 is divided by t?
30
Suppose 2*r = -2*o + 2, 2*o - o = 5*r + 25. Let g be (o/10)/((-2)/(-12)). Let h = 0 + g. Calculate the remainder when 3 is divided by h.
0
Let k = -5 - -14. Let v = -2451 - -2511. What is the remainder when v is divided by k?
6
Let x = -19 - -35. Suppose -12 = -4*v + 2*v. What is the remainder when x is divided by v?
4
Let f(a) = 4 - 4 + 8 - 11*a + a**2. Calculate the remainder when f(1